{"id":4291,"date":"2022-11-23T13:11:59","date_gmt":"2022-11-23T12:11:59","guid":{"rendered":"https:\/\/oplusu.de\/orthopaedie-unfallchirurgie-erkrath\/?page_id=4291"},"modified":"2023-06-15T13:08:18","modified_gmt":"2023-06-15T11:08:18","slug":"therapie","status":"publish","type":"page","link":"https:\/\/oplusu.de\/orthopaedie-unfallchirurgie-erkrath\/therapie\/","title":{"rendered":"Therapie"},"content":{"rendered":"<section class=\"wpb-content-wrapper\"><p>[vc_row][vc_column]<h3 class=\"box-header page-margin-top-section\">Die Kombination von High-Tech-Schulmedizin und innovativen Alternativmethoden<\/h3>[vc_column_text el_class=&#8220;large margin-top-10&#8243;]Bei <strong>O+U<\/strong> erhalten die Patienten zu jeder Zeit das optimale Behandlungsangebot. Dabei schlie\u00dfen sich moderne Schulmedizin und alternative Methoden nicht aus: Vielmehr schafft gerade die Kombination den Mehrwert f\u00fcr die Patienten. Hier erfahren Sie mehr zu ausgew\u00e4hlten Behandlungsmethoden:[\/vc_column_text][\/vc_column][\/vc_row][vc_row top_margin=&#8220;page-margin-top&#8220; el_position=&#8220;first last&#8220;][vc_column][\/vc_column][vc_column top_margin=&#8220;&#8220;][vc_tabs el_position=&#8220;first last&#8220;][vc_tab title=&#8220;SpineMED\u00ae&#8220; tab_id=&#8220;features&#8220;][vc_row_inner top_margin=&#8220;page-margin-top&#8220;][vc_column_inner width=&#8220;1\/2&#8243; top_margin=&#8220;none&#8220;]<h3 class=\"box-header\">SpineMED\u00ae<\/h3>[vc_column_text]Die spinale Dekompression mit SpineMED\u00ae ist ein innovatives und schonendes Verfahren, das in Kanada entwickelt und 2002 lizensiert wurde. Die Methode hat sich dort und in den USA schon seit l\u00e4ngerem bew\u00e4hrt und wird in Deutschland seit etwa zehn Jahren eingesetzt. Die SpineMED\u00ae-Therapie kann bei Bandscheibenerkrankungen, wie Bandscheibenvorf\u00e4llen und Verschlei\u00dferkrankungen, Spinalkanalstenose, Nervenkompressionen, Nervenbeschwerden und Facettengelenksyndrome angewendet werden. Die dynamische Dehnungskraft (Distraktionskraft), die SpineMED\u00ae erzeugt, dekomprimiert den Kanal, wodurch Nerven und Bandscheiben entlastet werden. Zudem f\u00f6rdert die Verringerung des Innendrucks die Versorgung der Bandscheibe mit Fl\u00fcssigkeit, N\u00e4hrstoffen und Sauerstoff. Die spinale Dekompression unterst\u00fctzt so die Selbstheilungskr\u00e4fte des K\u00f6rpers. Dadurch kann sich die Bandscheibe regenerieren, rehydrieren und in ihre Ursprungsform zur\u00fcckziehen. Bei konsequenter Behandlung kann sich die Bandscheibe nachhaltig erholen. Die Behandlung erfolgt in der R\u00fcckenlage auf dem SpineMED\u00ae-Table, das eine Art Behandlungsliege ist. Vor der Behandlung wird die Liege entsprechend geneigt und der K\u00f6rper fixiert, sodass die Dehnung pr\u00e4zise auf den betroffenen Wirbelbereich wirkt. Die sanfte Dehnung erfolgt im Anschluss mittels einer exakten, schmerzfreien und computerkontrollierten Distraktionskraft. Das System kontrolliert dabei stets in einem Biofeedback die Reaktionen der Muskeln der Patienten und kann so Abwehrspannungen verhindern. Um einen nachhaltigen Effekt zu erzielen, werden 15 bis 20 Behandlungen \u00e1 30 Minuten empfohlen.[\/vc_column_text][\/vc_column_inner][vc_column_inner width=&#8220;1\/2&#8243; top_margin=&#8220;none&#8220;][vc_single_image image=&#8220;4262&#8243; img_size=&#8220;full&#8220;][\/vc_column_inner][\/vc_row_inner][\/vc_tab][vc_tab title=&#8220;Orthomolekulare Medizin&#8220; tab_id=&#8220;1669207358878-11-0&#8243;][vc_row_inner top_margin=&#8220;page-margin-top&#8220;][vc_column_inner width=&#8220;1\/2&#8243; top_margin=&#8220;none&#8220;]<h3 class=\"box-header\">Orthomolekulare Medizin<\/h3>[vc_column_text]Vitamine, Mineralstoffe Spurenelemente und Omega-3-Fetts\u00e4uren geh\u00f6ren zu den sogenannten Mikron\u00e4hrstoffen. In der modernen Pr\u00e4ventivmedizin gilt es als gesichert, dass diese Substanzen und Mikron\u00e4hrstoffe in hohem Ma\u00dfe zur Gesundheit und Widerstandskraft gegen Krankheiten beitragen. Zumindest dann, wenn sie in der richtigen Menge und Zusammensetzung im menschlichen K\u00f6rper vorhanden sind. Die orthomolekulare Medizin befasst sich mit der Zufuhr k\u00f6rpereigener, orthomolekularer Substanzen in der richtigen Menge und Kombination. Da Stoffwechselvorg\u00e4nge zur Energiegewinnung sehr komplexer Natur sind und viele verschiedene Vitalstoffe in unterschiedlicher Dosierung zur optimalen Verstoffwechselung ben\u00f6tigt werden, ist die optimale Versorgung mit Mikron\u00e4hrstoffen entscheidend. Der Mangel eines einzigen Vitalstoffes kann den ganzen Stoffwechselvorgang bremsen oder gar blockieren. Das f\u00fchrt zur Schw\u00e4chung des Immunsystems und \u00f6ffnet Krankheiten T\u00fcr und Tor. Die Krankheiten wiederum fordern dann die erh\u00f6hte Zufuhr von bestimmen N\u00e4hrstoffen. Ein Teufelskreis. Vor allem bei \u00e4lteren Menschen und Schwangeren sowie bei Patienten mit chronischen Krankheiten und Hormonst\u00f6rungen ist die Versorgung mit Mikron\u00e4hrstoffen oft nicht mehr ausreichend gew\u00e4hrleistet. Mit der richtigen Diagnose und einem darauf aufbauenden Therapieplan lassen sich diese Mangelerscheinungen gezielt und nachhaltig beheben. Das Konzept der orthomolekularen Medizin, das vom zweifachen Nobelpreistr\u00e4ger Linus Pauling erarbeitet wurde, hat sich daher mittlerweile zum festen Bestandteil der medizinischen Behandlung und insbesondere auch der Pr\u00e4ventivmedizin entwickelt.[\/vc_column_text][\/vc_column_inner][vc_column_inner width=&#8220;1\/2&#8243; top_margin=&#8220;none&#8220;][vc_single_image image=&#8220;4185&#8243; img_size=&#8220;full&#8220;][\/vc_column_inner][\/vc_row_inner][\/vc_tab][vc_tab title=&#8220;Schmerztherapie mit Injektionen&#8220; tab_id=&#8220;1669205717976-1-0&#8243;][vc_row_inner top_margin=&#8220;page-margin-top&#8220;][vc_column_inner width=&#8220;1\/2&#8243; top_margin=&#8220;none&#8220;]<h3 class=\"box-header\">Schmerztherapie mit Injektionen<\/h3>[vc_column_text]Bei der minimalinvasiven Schmerztherapie mit Injektionen wird eine Injektionsnadel unter R\u00f6ntgenkontrolle je nach Schmerzursache pr\u00e4zise platziert &#8211; entweder direkt an den schmerzleitenden Nerven\u00e4sten der kleinen Wirbelgelenke oder unmittelbar an den Nervenwurzeln. Dies ist eine seit mehreren Jahren anerkannte Methode zur Behandlung von Bandscheibenvorf\u00e4llen (Vermeidung einer Operation), Spinalkanalstenosen (Wirbelkanaleinengung) oder auch Gelenkbeschwerden. So k\u00f6nnen Schmerzen wirkungsvoll direkt am Ort des Geschehens behandelt werden. Dazu wird ein entz\u00fcndungshemmend und schmerzstillend wirkendes Medikament injiziert. In bestimmten F\u00e4llen lassen sich auch gute Erfolge mit pflanzlichen Mitteln wie Traumeel S und Discus compositum erzielen. All diese Behandlungen k\u00f6nnen wir in einem speziell ausgestatteten Praxisraum ambulant durchf\u00fchren. Oft tritt eine Besserung schon nach der ersten Anwendung ein, nach mehrfacher Anwendung ist in manchen F\u00e4llen eine v\u00f6llige Schmerzfreiheit m\u00f6glich.[\/vc_column_text][\/vc_column_inner][vc_column_inner width=&#8220;1\/2&#8243;][vc_single_image image=&#8220;4186&#8243; img_size=&#8220;full&#8220;][\/vc_column_inner][\/vc_row_inner][\/vc_tab][vc_tab title=&#8220;Schmerztherapie mit RF-Generator&#8220; tab_id=&#8220;1669205853052-2-6&#8243;][vc_row_inner top_margin=&#8220;page-margin-top&#8220;][vc_column_inner width=&#8220;1\/2&#8243; top_margin=&#8220;none&#8220;]<h3 class=\"box-header\">Schmerztherapie mit RF-Generator<\/h3>[vc_column_text]Die Radiofrequenztherapie ist ein modernes, risikoarmes und gut erprobtes Verfahren zur Behandlung chronischer Schmerzen. Besonders geeignet ist sie bei chronischen R\u00fcckenschmerzen durch starken Verschlei\u00df, wenn andere Therapieverfahren keine, wenig oder nur kurzfristige Besserung bringen. Auch bei chronischen Schmerzen durch Schleimbeutelentz\u00fcndungen, Sehnenentz\u00fcndungen oder Fersensporn wird dieses Verfahren erfolgreich eingesetzt. Mit der Radiofrequenztherapie werden einzelne schmerzverursachende Nervenfasern gezielt ausgeschaltet. Motorische oder sensible Nervenfasern werden durch keines der Verfahren beeintr\u00e4chtigt. Durch die sogenannte Facettendenervation lassen sich so chronische R\u00fcckenschmerzen gut behandeln. Die Behandlung ist minimalinvasiv und erfolgt unter lokaler Bet\u00e4ubung ambulant in unserer Praxis. Unter lokaler Bet\u00e4ubung wird eine sehr d\u00fcnne Sonde (vergleichbar mit einer stabilen Injektionsnadel) pr\u00e4zise an der chronisch schmerzhaften Stelle platziert. Im Anschluss werden \u00fcber diese Sonde mittels eines exakt kontrollierten Radiofrequenzstroms die Schmerzfasern gezielt ausgeschaltet. In der Folge kommt die Entz\u00fcndung zur Ruhe und es werden weder Schmerzen an das Gehirn weitergeleitet noch wahrgenommen. Der Schmerzmittelbedarf kann so deutlich reduziert oder eingestellt und die Lebensqualit\u00e4t entscheidend verbessert werden. Der Effekt der Radiofrequenztherapie tritt oft unmittelbar ein und h\u00e4lt bis zu zwei Jahre an. In manchen F\u00e4llen ist sogar keine weitere Behandlung mehr n\u00f6tig. Sollten die Schmerzen wiederkehren, kann die Behandlung wiederholt werden.[\/vc_column_text][\/vc_column_inner][vc_column_inner width=&#8220;1\/2&#8243;][vc_single_image image=&#8220;4265&#8243; img_size=&#8220;full&#8220;][\/vc_column_inner][\/vc_row_inner][\/vc_tab][vc_tab title=&#8220;Arthrose-Behandlungen&#8220; tab_id=&#8220;1669206241587-3-3&#8243;][vc_row_inner top_margin=&#8220;page-margin-top&#8220;][vc_column_inner width=&#8220;1\/2&#8243; top_margin=&#8220;none&#8220;]<h3 class=\"box-header\">Arthrose-Behandlungen<\/h3>[vc_column_text]Arthrose ist die typische Abnutzungs- und Veschlei\u00dferscheinung der Gelenke. O+U bietet daf\u00fcr ein breites Spektrum an Behandlungsmethoden: Von <a href=\"https:\/\/oplusu.de\/orthopaedie-unfallchirurgie-erkrath\/innovative-arthrose-behandlung-bei-ou\/\">Hyalurons\u00e4ure-Injektionen<\/a> mit Schmier- und Pufferwirkung \u00fcber die Manuelle Medizin\/Chirotherapie und eine Ern\u00e4hrungsberatung zur Optimierung des S\u00e4ure-Base-Haushalts bis hin zu Akupunktur und Schmerztherapie durch Spritzen mit corticoidhaltigen Pr\u00e4paraten.<\/p>\n<div style=\"width: 640px;\" class=\"wp-video\"><video class=\"wp-video-shortcode\" id=\"video-4291-1\" width=\"640\" height=\"360\" preload=\"metadata\" controls=\"controls\"><source type=\"video\/mp4\" src=\"https:\/\/oplusu.de\/orthopaedie-unfallchirurgie-erkrath\/wp-content\/uploads\/renehavis.mp4?_=1\" \/><a href=\"https:\/\/oplusu.de\/orthopaedie-unfallchirurgie-erkrath\/wp-content\/uploads\/renehavis.mp4\">https:\/\/oplusu.de\/orthopaedie-unfallchirurgie-erkrath\/wp-content\/uploads\/renehavis.mp4<\/a><\/video><\/div>\n<p>[\/vc_column_text][\/vc_column_inner][vc_column_inner width=&#8220;1\/2&#8243;][vc_single_image image=&#8220;4336&#8243; img_size=&#8220;full&#8220;][\/vc_column_inner][\/vc_row_inner][\/vc_tab][vc_tab title=&#8220;Hyalurons\u00e4ure-Injektionen&#8220; tab_id=&#8220;1669206524437-5-6&#8243;][vc_row_inner top_margin=&#8220;page-margin-top&#8220;][vc_column_inner width=&#8220;1\/2&#8243; top_margin=&#8220;none&#8220;]<h3 class=\"box-header\">Hyalurons\u00e4ure-Injektionen<\/h3>[vc_column_text]Hyalurons\u00e4ure ist ein wichtiger Bestandteil der Gelenkfl\u00fcssigkeit. Mit ihrem hohen Molekulargewicht puffert und schmiert sie die sich bewegenden Oberfl\u00e4chen der Gelenke. Deshalb lassen sich insbesondere bei degenerativen Wirbels\u00e4ulenleiden\/Verschlei\u00df durch gezielte Injektionen gute Ergebnisse erzielen. Dar\u00fcber hinaus wird Hyalurons\u00e4ure bei entz\u00fcndlichen Reizungen an Muskeln, Kapseln und Sehnen eingesetzt. Zum Einsatz kommen sowohl biologisch hergestellte Hyalurons\u00e4uren (aus dem Hahnenkamm) als auch hochmolekulare synthetische Hyalurons\u00e4uren. F\u00fcr die Arthrose-Behandlung bieten wir nun auch eine neue Therapie an: eine Doppelkammerspritze mit zwei verschiedenen Hyalurons\u00e4uren mit unterschiedlichen molekularen Konzentrationen.[\/vc_column_text][\/vc_column_inner][vc_column_inner width=&#8220;1\/2&#8243;][vc_column_text]<\/p>\n<div style=\"width: 640px;\" class=\"wp-video\"><video class=\"wp-video-shortcode\" id=\"video-4291-2\" width=\"640\" height=\"360\" preload=\"metadata\" controls=\"controls\"><source type=\"video\/mp4\" src=\"https:\/\/oplusu.de\/orthopaedie-unfallchirurgie-erkrath\/wp-content\/uploads\/renehavis.mp4?_=2\" \/><a href=\"https:\/\/oplusu.de\/orthopaedie-unfallchirurgie-erkrath\/wp-content\/uploads\/renehavis.mp4\">https:\/\/oplusu.de\/orthopaedie-unfallchirurgie-erkrath\/wp-content\/uploads\/renehavis.mp4<\/a><\/video><\/div>\n<p>[\/vc_column_text][\/vc_column_inner][\/vc_row_inner][\/vc_tab][vc_tab title=&#8220;Osteoporose-Therapie&#8220; tab_id=&#8220;1669206391627-4-8&#8243;][vc_row_inner top_margin=&#8220;page-margin-top&#8220;][vc_column_inner width=&#8220;1\/2&#8243; top_margin=&#8220;none&#8220;]<h3 class=\"box-header\">Osteoporose-Therapie<\/h3>[vc_column_text]Unter Osteoporose versteht man eine krankheitsbedingte Verringerung der Knochensubstanz, die vor allem im Alter oft zu Br\u00fcchen f\u00fchrt (n\u00e4here Informationen zum Krankheitsbild siehe hier). Wir bei O+U beraten Sie ausf\u00fchrlich und behandeln nach den aktuellen Leitlinien des DVO (Dachverband der Osteologie e.V.). Zur Therapie geh\u00f6ren Bewegungstherapie, \u00dcberpr\u00fcfung der Lebens- und Ern\u00e4hrungsgewohnheiten und die Behandlung mit speziellen Medikamenten wie Bisphosphonate, Denusomab oder Teriparatid. Diese helfen dabei, den Knochenabbau zu stoppen und f\u00f6rdern den Aufbau von Knochensubstanz. Da Kalzium essentiell f\u00fcr den Aufbau von Knochen ist und die Kalziumaufnahme im Darm wiederum von Vitamin-D abh\u00e4ngig ist, k\u00f6nnen auch Kalzium- und Vitamin-D-Tabletten bei Osteoporose helfen. Bei hormonbedingtem Knochenschwund kann auch der Einsatz Selektiver \u00d6strogen-Rezeptor-Modulatoren (SERM), wie Raloxifen oder eine langfristige Hormonersatztherapie f\u00fcr Sie infrage kommen. In manchen F\u00e4llen erfolgt dabei auch eine Kooperation mit anderen Fachbereichen. Insbesondere Internisten und Fach\u00e4rzte f\u00fcr Endokrinologie (Fachbereich f\u00fcr Hormone) werden dann in die Behandlung involviert. Zu unserem Leistungsspektrum geh\u00f6ren dar\u00fcber hinaus auch eine Ern\u00e4hrungsberatung zur Optimierung des S\u00e4ure-Base-Haushalts, Akupunktur sowie Schmerztherapie durch Spritzen mit corticoidhaltigen Pr\u00e4paraten. Gemeinsam erstellen wir gerne einen Therapieplan mit Ihnen, der perfekt auf Sie zugeschnitten ist.[\/vc_column_text][\/vc_column_inner][vc_column_inner width=&#8220;1\/2&#8243;][vc_single_image image=&#8220;4304&#8243; img_size=&#8220;full&#8220;][\/vc_column_inner][\/vc_row_inner][\/vc_tab][vc_tab title=&#8220;Akupunktur&#8220; tab_id=&#8220;1669206675150-6-1&#8243;][vc_row_inner top_margin=&#8220;page-margin-top&#8220;][vc_column_inner width=&#8220;1\/2&#8243; top_margin=&#8220;none&#8220;]<h3 class=\"box-header\">Akupunktur<\/h3>[vc_column_text]Die Akupunktur ist Teil der traditionellen chinesischen Medizin. Sie ist vor etwa 2000 Jahren entstanden und seitdem st\u00e4ndig weiterentwickelt worden. Vor der Anwendung steht eine genaue Diagnose. Nach der chinesischen Lehrmeinung werden durch das Verfahren St\u00f6rungen des Energieflusses behoben. Dr. med. Brankamp ist Arzt f\u00fcr Akupunktur und wendet die Methode beispielsweise bei akuten und chronischen Schmerzen von Gelenken, der Wirbels\u00e4ule oder Sehnenschmerzen an.[\/vc_column_text][\/vc_column_inner][vc_column_inner width=&#8220;1\/2&#8243;][vc_single_image image=&#8220;4343&#8243; img_size=&#8220;full&#8220;][\/vc_column_inner][\/vc_row_inner][\/vc_tab][vc_tab title=&#8220;Manuelle Medizin\/Chirotherapie&#8220; tab_id=&#8220;1669206817991-7-1&#8243;][vc_row_inner top_margin=&#8220;page-margin-top&#8220;][vc_column_inner width=&#8220;1\/2&#8243; top_margin=&#8220;none&#8220;]<h3 class=\"box-header\">Manuelle Medizin\/Chirotherapie<\/h3>[vc_column_text]Die manuelle Medizin ist eine sanfte Methode: Sie dient dem Auffinden und L\u00f6sen von reversiblen funktionellen St\u00f6rungen am St\u00fctz- und Bewegungsapparat durch spezielle Handgriffe. Die Schmerzlinderung gelingt meist schon durch die gezielte Lagerung und Mobilisation. So k\u00f6nnen Blockierungen gel\u00f6st und durch kurze Impulse eine Schmerzlinderung oder sogar Beschwerdefreiheit erreicht werden.[\/vc_column_text][\/vc_column_inner][vc_column_inner width=&#8220;1\/2&#8243;][vc_single_image image=&#8220;4345&#8243; img_size=&#8220;full&#8220;][\/vc_column_inner][\/vc_row_inner][\/vc_tab][vc_tab title=&#8220;Osteopathie&#8220; tab_id=&#8220;1669207281307-10-6&#8243;][vc_row_inner top_margin=&#8220;page-margin-top&#8220;][vc_column_inner width=&#8220;1\/2&#8243; top_margin=&#8220;none&#8220;]<h3 class=\"box-header\">Osteopathie<\/h3>[vc_column_text]Dr. med. Jochen Brankamp hat durch zahlreiche Fortbildungen umfassende Kenntnisse in osteopathischen Behandlungstechniken erworben (DAAO-zertifiziert, gelistet im European Register for Osteopathic Physicians), die die Selbstheilungskr\u00e4fte des K\u00f6rpers aktivieren. Die Osteopathie kommt dort zum Einsatz, wo funktionelle St\u00f6rungen die Ursache f\u00fcr Beschwerden sind. Dabei kann die Osteopathie auch erg\u00e4nzend zu anderen medizinischen Behandlungen eingesetzt werden. Dr. Brankamp hat sich bereits intensiv mit Counterstrain, Muskel-Energie-Techniken und myofaszialen Releasetechniken auseinandergesetzt. Dort wo m\u00f6glich und gew\u00fcnscht, setzt er osteopathische Techniken in der Behandlung ein.[\/vc_column_text][\/vc_column_inner][vc_column_inner width=&#8220;1\/2&#8243;][vc_single_image image=&#8220;4340&#8243; img_size=&#8220;full&#8220;][\/vc_column_inner][\/vc_row_inner][\/vc_tab][vc_tab title=&#8220;Sto\u00dfwellentherapie&#8220; tab_id=&#8220;1669207188265-9-2&#8243;][vc_row_inner top_margin=&#8220;page-margin-top&#8220;][vc_column_inner width=&#8220;1\/2&#8243; top_margin=&#8220;none&#8220;]<h3 class=\"box-header\">Sto\u00dfwellentherapie<\/h3>[vc_column_text]Sto\u00dfwellen sind besonders kurze Schallimpulse von sehr hoher Energie. Zur Behandlung wird der Schallkopf des Sto\u00dfwellenger\u00e4tes auf den schmerzenden Bereich eingestellt und mit Sto\u00dfwellen \u201ebeschossen\u201c. Das Ziel: So sollen heilende Prozesse am St\u00fctz- und Bewegungsapparat ausgel\u00f6st werden. Die Sto\u00dfwellentherapie ist aufgrund der geringen Nebenwirkungen eine interessante Option f\u00fcr Patienten, die eine Operation vermeiden m\u00f6chten. O+U ist zertifiziertes Zentrum f\u00fcr Sto\u00dfwellentherapie. Dr. Brankamp verf\u00fcgt \u00fcber ein hochmodernes Sto\u00dfwellenger\u00e4t und kann mit fokussierten, planaren und radialen Schallquellen behandeln.[\/vc_column_text][\/vc_column_inner][vc_column_inner width=&#8220;1\/2&#8243;][vc_single_image image=&#8220;4216&#8243; img_size=&#8220;full&#8220;][\/vc_column_inner][\/vc_row_inner][\/vc_tab][\/vc_tabs][\/vc_column][\/vc_row]<\/p>\n<\/section>","protected":false},"excerpt":{"rendered":"<p>[vc_row][vc_column][vc_column_text el_class=&#8220;large margin-top-10&#8243;]Bei O+U erhalten die Patienten zu jeder Zeit das optimale Behandlungsangebot. Dabei schlie\u00dfen sich moderne Schulmedizin und alternative Methoden nicht aus: Vielmehr schafft gerade die Kombination den Mehrwert f\u00fcr die Patienten. Hier erfahren Sie mehr zu ausgew\u00e4hlten Behandlungsmethoden:[\/vc_column_text][\/vc_column][\/vc_row][vc_row top_margin=&#8220;page-margin-top&#8220; el_position=&#8220;first last&#8220;][vc_column][\/vc_column][vc_column top_margin=&#8220;&#8220;][vc_tabs el_position=&#8220;first last&#8220;][vc_tab title=&#8220;SpineMED\u00ae&#8220; tab_id=&#8220;features&#8220;][vc_row_inner top_margin=&#8220;page-margin-top&#8220;][vc_column_inner width=&#8220;1\/2&#8243; top_margin=&#8220;none&#8220;][vc_column_text]Die spinale Dekompression mit SpineMED\u00ae<\/p>\n","protected":false},"author":2,"featured_media":0,"parent":0,"menu_order":0,"comment_status":"open","ping_status":"open","template":"","meta":{"footnotes":""},"class_list":["post-4291","page","type-page","status-publish","hentry"],"_links":{"self":[{"href":"https:\/\/oplusu.de\/orthopaedie-unfallchirurgie-erkrath\/wp-json\/wp\/v2\/pages\/4291","targetHints":{"allow":["GET"]}}],"collection":[{"href":"https:\/\/oplusu.de\/orthopaedie-unfallchirurgie-erkrath\/wp-json\/wp\/v2\/pages"}],"about":[{"href":"https:\/\/oplusu.de\/orthopaedie-unfallchirurgie-erkrath\/wp-json\/wp\/v2\/types\/page"}],"author":[{"embeddable":true,"href":"https:\/\/oplusu.de\/orthopaedie-unfallchirurgie-erkrath\/wp-json\/wp\/v2\/users\/2"}],"replies":[{"embeddable":true,"href":"https:\/\/oplusu.de\/orthopaedie-unfallchirurgie-erkrath\/wp-json\/wp\/v2\/comments?post=4291"}],"version-history":[{"count":35,"href":"https:\/\/oplusu.de\/orthopaedie-unfallchirurgie-erkrath\/wp-json\/wp\/v2\/pages\/4291\/revisions"}],"predecessor-version":[{"id":4617,"href":"https:\/\/oplusu.de\/orthopaedie-unfallchirurgie-erkrath\/wp-json\/wp\/v2\/pages\/4291\/revisions\/4617"}],"wp:attachment":[{"href":"https:\/\/oplusu.de\/orthopaedie-unfallchirurgie-erkrath\/wp-json\/wp\/v2\/media?parent=4291"}],"curies":[{"name":"wp","href":"https:\/\/api.w.org\/{rel}","templated":true}]}}