{"id":394,"date":"2013-03-07T10:33:44","date_gmt":"2013-03-07T10:33:44","guid":{"rendered":"http:\/\/localhost\/wordpress\/medicenter\/?page_id=394"},"modified":"2022-11-24T09:22:16","modified_gmt":"2022-11-24T08:22:16","slug":"team","status":"publish","type":"page","link":"https:\/\/oplusu.de\/orthopaedie-unfallchirurgie-erkrath\/team\/","title":{"rendered":"Das O+U-Team"},"content":{"rendered":"<section class=\"wpb-content-wrapper\"><p>[vc_row][vc_column]<ul class=\"tabs-navigation isotope-filters clearfix\"><\/ul><ul class=\"mc-gallery gallery-3-columns dm_filters\"><li class=\"\" id=\"gallery-item-jochen_brankamp\">\n\t\t\t\t\t<div class=\"gallery-box gallery-box-1 hover-icons-off\"><span class=\"mc-preloader\"><\/span><img loading=\"lazy\" decoding=\"async\" width=\"390\" height=\"260\" src=\"https:\/\/oplusu.de\/orthopaedie-unfallchirurgie-erkrath\/wp-content\/uploads\/2013\/05\/J_Brankamp_500x500-390x260.jpg\" class=\"mc-preload wp-post-image\" alt=\"Dr. med. Jochen Brankamp\" title=\"\" srcset=\"https:\/\/oplusu.de\/orthopaedie-unfallchirurgie-erkrath\/wp-content\/uploads\/2013\/05\/J_Brankamp_500x500-390x260.jpg 390w, https:\/\/oplusu.de\/orthopaedie-unfallchirurgie-erkrath\/wp-content\/uploads\/2013\/05\/J_Brankamp_500x500-480x320.jpg 480w, https:\/\/oplusu.de\/orthopaedie-unfallchirurgie-erkrath\/wp-content\/uploads\/2013\/05\/J_Brankamp_500x500-285x190.jpg 285w\" sizes=\"auto, (max-width: 390px) 100vw, 390px\" \/>\n\t\t\t\t\t\t<div class=\"description\">\n\t\t\t\t\t\t\t<h4>Dr. med. Jochen Brankamp<\/h4>\n\t\t\t\t\t\t\t<h5>Facharzt f\u00fcr Orthop\u00e4die, Facharzt f\u00fcr Orthop\u00e4die und Unfallchirurgie, Arzt f\u00fcr Akupunktur, Arzt f\u00fcr Manuelle Medizin\/Chirotherapie, \u00e4rztliche Osteopathie<\/h5>\n\t\t\t\t\t\t<\/div>\n\t\t\t\t\t\t<ul class=\"controls\">\n\t\t\t\t\t\t\t<li>\n\t\t\t\t\t\t\t\t<a href=\"https:\/\/oplusu.de\/orthopaedie-unfallchirurgie-erkrath\/team\/jochen_brankamp\/\" class=\"template-menu-2 open-details\"><\/a>\n\t\t\t\t\t\t\t<\/li><li><a href=\"https:\/\/oplusu.de\/orthopaedie-unfallchirurgie-erkrath\/wp-content\/uploads\/2013\/05\/J_Brankamp_500x500.jpg\" class=\"template-plus-2 fancybox open-lightbox\" rel=\"mcgallery\"><\/a>\n\t\t\t\t\t<\/li><\/ul><\/div><\/li><li class=\"\" id=\"gallery-item-corinna-hirsch\">\n\t\t\t\t\t<div class=\"gallery-box gallery-box-2 hover-icons-off\"><span class=\"mc-preloader\"><\/span><img loading=\"lazy\" decoding=\"async\" width=\"390\" height=\"260\" src=\"https:\/\/oplusu.de\/orthopaedie-unfallchirurgie-erkrath\/wp-content\/uploads\/2022\/11\/cb-390x260.jpg\" class=\"mc-preload wp-post-image\" alt=\"Corinna Hirsch\" title=\"\" srcset=\"https:\/\/oplusu.de\/orthopaedie-unfallchirurgie-erkrath\/wp-content\/uploads\/2022\/11\/cb-390x260.jpg 390w, https:\/\/oplusu.de\/orthopaedie-unfallchirurgie-erkrath\/wp-content\/uploads\/2022\/11\/cb-480x320.jpg 480w, https:\/\/oplusu.de\/orthopaedie-unfallchirurgie-erkrath\/wp-content\/uploads\/2022\/11\/cb-285x190.jpg 285w\" sizes=\"auto, (max-width: 390px) 100vw, 390px\" \/>\n\t\t\t\t\t\t<div class=\"description\">\n\t\t\t\t\t\t\t<h4>Corinna Hirsch<\/h4>\n\t\t\t\t\t\t\t<h5>Medizinische Fachangestellte<\/h5>\n\t\t\t\t\t\t<\/div>\n\t\t\t\t\t\t<ul class=\"controls\">\n\t\t\t\t\t\t\t<li>\n\t\t\t\t\t\t\t\t<a href=\"https:\/\/oplusu.de\/orthopaedie-unfallchirurgie-erkrath\/team\/corinna-hirsch\/\" class=\"template-menu-2 open-details\"><\/a>\n\t\t\t\t\t\t\t<\/li><li><a href=\"https:\/\/oplusu.de\/orthopaedie-unfallchirurgie-erkrath\/wp-content\/uploads\/2022\/11\/cb.jpg\" class=\"template-plus-2 fancybox open-lightbox\" rel=\"mcgallery\"><\/a>\n\t\t\t\t\t<\/li><\/ul><\/div><\/li><li class=\"\" id=\"gallery-item-marleen-schmidt\">\n\t\t\t\t\t<div class=\"gallery-box gallery-box-3 hover-icons-off\"><span class=\"mc-preloader\"><\/span><img loading=\"lazy\" decoding=\"async\" width=\"390\" height=\"260\" src=\"https:\/\/oplusu.de\/orthopaedie-unfallchirurgie-erkrath\/wp-content\/uploads\/2022\/11\/M_Schmidt-390x260.jpg\" class=\"mc-preload wp-post-image\" alt=\"Marleen Schmidt\" title=\"\" srcset=\"https:\/\/oplusu.de\/orthopaedie-unfallchirurgie-erkrath\/wp-content\/uploads\/2022\/11\/M_Schmidt-390x260.jpg 390w, https:\/\/oplusu.de\/orthopaedie-unfallchirurgie-erkrath\/wp-content\/uploads\/2022\/11\/M_Schmidt-480x320.jpg 480w, https:\/\/oplusu.de\/orthopaedie-unfallchirurgie-erkrath\/wp-content\/uploads\/2022\/11\/M_Schmidt-285x190.jpg 285w\" sizes=\"auto, (max-width: 390px) 100vw, 390px\" \/>\n\t\t\t\t\t\t<div class=\"description\">\n\t\t\t\t\t\t\t<h4>Marleen Schmidt<\/h4>\n\t\t\t\t\t\t\t<h5>Medizinische Fachangestellte<\/h5>\n\t\t\t\t\t\t<\/div>\n\t\t\t\t\t\t<ul class=\"controls\">\n\t\t\t\t\t\t\t<li>\n\t\t\t\t\t\t\t\t<a href=\"https:\/\/oplusu.de\/orthopaedie-unfallchirurgie-erkrath\/team\/marleen-schmidt\/\" class=\"template-menu-2 open-details\"><\/a>\n\t\t\t\t\t\t\t<\/li><li><a href=\"https:\/\/oplusu.de\/orthopaedie-unfallchirurgie-erkrath\/wp-content\/uploads\/2022\/11\/M_Schmidt.jpg\" class=\"template-plus-2 fancybox open-lightbox\" rel=\"mcgallery\"><\/a>\n\t\t\t\t\t<\/li><\/ul><\/div><\/li><li class=\"\" id=\"gallery-item-anja_koenig\">\n\t\t\t\t\t<div class=\"gallery-box gallery-box-4 hover-icons-off\"><span class=\"mc-preloader\"><\/span><img loading=\"lazy\" decoding=\"async\" width=\"390\" height=\"260\" src=\"https:\/\/oplusu.de\/orthopaedie-unfallchirurgie-erkrath\/wp-content\/uploads\/2024\/12\/anja-koenig-390x260.jpg\" class=\"mc-preload wp-post-image\" alt=\"Anja K\u00f6nig\" title=\"\" srcset=\"https:\/\/oplusu.de\/orthopaedie-unfallchirurgie-erkrath\/wp-content\/uploads\/2024\/12\/anja-koenig-390x260.jpg 390w, https:\/\/oplusu.de\/orthopaedie-unfallchirurgie-erkrath\/wp-content\/uploads\/2024\/12\/anja-koenig-480x320.jpg 480w, https:\/\/oplusu.de\/orthopaedie-unfallchirurgie-erkrath\/wp-content\/uploads\/2024\/12\/anja-koenig-285x190.jpg 285w\" sizes=\"auto, (max-width: 390px) 100vw, 390px\" \/>\n\t\t\t\t\t\t<div class=\"description\">\n\t\t\t\t\t\t\t<h4>Anja K\u00f6nig<\/h4>\n\t\t\t\t\t\t\t<h5>Medizinische Fachangestellte<\/h5>\n\t\t\t\t\t\t<\/div>\n\t\t\t\t\t\t<ul class=\"controls\">\n\t\t\t\t\t\t\t<li>\n\t\t\t\t\t\t\t\t<a href=\"https:\/\/oplusu.de\/orthopaedie-unfallchirurgie-erkrath\/team\/anja_koenig\/\" class=\"template-menu-2 open-details\"><\/a>\n\t\t\t\t\t\t\t<\/li><li><a href=\"https:\/\/oplusu.de\/orthopaedie-unfallchirurgie-erkrath\/wp-content\/uploads\/2024\/12\/anja-koenig.jpg\" class=\"template-plus-2 fancybox open-lightbox\" rel=\"mcgallery\"><\/a>\n\t\t\t\t\t<\/li><\/ul><\/div><\/li><\/ul>[\/vc_column][\/vc_row]<\/p>\n<\/section>","protected":false},"excerpt":{"rendered":"<p>[vc_row][vc_column][\/vc_column][\/vc_row]<\/p>\n","protected":false},"author":1,"featured_media":0,"parent":0,"menu_order":0,"comment_status":"open","ping_status":"open","template":"","meta":{"footnotes":""},"class_list":["post-394","page","type-page","status-publish","hentry"],"_links":{"self":[{"href":"https:\/\/oplusu.de\/orthopaedie-unfallchirurgie-erkrath\/wp-json\/wp\/v2\/pages\/394","targetHints":{"allow":["GET"]}}],"collection":[{"href":"https:\/\/oplusu.de\/orthopaedie-unfallchirurgie-erkrath\/wp-json\/wp\/v2\/pages"}],"about":[{"href":"https:\/\/oplusu.de\/orthopaedie-unfallchirurgie-erkrath\/wp-json\/wp\/v2\/types\/page"}],"author":[{"embeddable":true,"href":"https:\/\/oplusu.de\/orthopaedie-unfallchirurgie-erkrath\/wp-json\/wp\/v2\/users\/1"}],"replies":[{"embeddable":true,"href":"https:\/\/oplusu.de\/orthopaedie-unfallchirurgie-erkrath\/wp-json\/wp\/v2\/comments?post=394"}],"version-history":[{"count":3,"href":"https:\/\/oplusu.de\/orthopaedie-unfallchirurgie-erkrath\/wp-json\/wp\/v2\/pages\/394\/revisions"}],"predecessor-version":[{"id":4483,"href":"https:\/\/oplusu.de\/orthopaedie-unfallchirurgie-erkrath\/wp-json\/wp\/v2\/pages\/394\/revisions\/4483"}],"wp:attachment":[{"href":"https:\/\/oplusu.de\/orthopaedie-unfallchirurgie-erkrath\/wp-json\/wp\/v2\/media?parent=394"}],"curies":[{"name":"wp","href":"https:\/\/api.w.org\/{rel}","templated":true}]}}